 d(v) = -7*o(v) - 2*u(v). Let h be d(2). What is the greatest common divisor of h and 3?
3
Suppose -6*a = 8*n - 6*n - 714, 597 = 5*a + n. Calculate the greatest common divisor of 552 and a.
24
Let a = -465 + 414. Let d be (1 + (-22)/10)*10540/a. Let l(f) = -11*f - 2. Let w be l(-3). Calculate the greatest common factor of w and d.
31
Suppose -4307*f + 416 = -4281*f. Calculate the greatest common factor of 16304 and f.
16
Let w(x) = 2*x**3 + 14*x**2 - 6*x - 32. Let g be w(-6). Let q be 111/15 + (-9)/(-15). What is the greatest common divisor of g and q?
4
Suppose -q - 3863 = -4942. Calculate the highest common factor of 39 and q.
13
Let v be (-4)/22 - (-1716)/121. Let k be (-100)/(-8) + (-7)/(v/3). Let m be (4/(-3))/((-12)/99). What is the greatest common divisor of m and k?
11
Suppose 28*g - 18512 - 19792 = 0. What is the highest common factor of 54 and g?
18
Let l = -3249 - -3257. Calculate the greatest common divisor of l and 316.
4
Suppose 4*x - 3*i = 45485, 3*x - 3*i = 23275 + 10835. What is the highest common divisor of x and 75?
25
Let m(s) = -94*s**3 + s**2 - s. Let z be (2/(-6))/(2/6). Let o be m(z). Let q = o + 40. Calculate the highest common factor of 17 and q.
17
Let a = 64 - 105. Let v = 373 - 300. Let f = a + v. What is the greatest common divisor of f and 352?
32
Let n be 1206956/304 + (-10)/8. What is the highest common divisor of 9 and n?
9
Let d(x) = 2*x - 4 + 40*x**2 - 30*x**2 - 8*x**2. Let c be d(-3). What is the highest common divisor of 40 and c?
8
Suppose -2*b + 3*c = -48 - 110, -2*c - 232 = -3*b. Let x be (-56238)/(-741) + 2/19. Calculate the greatest common factor of x and b.
76
Suppose 5*u - 45 = 5*x, x - 4*u = 5*x + 12. Let z(y) = y**3 + 5*y**2 + 2*y + 55. Let v be z(x). Calculate the greatest common factor of 287 and v.
7
Let c(w) = 15399*w**3 + w**2 + 14*w - 14. Let f be c(1). What is the highest common factor of 330 and f?
110
Let g = -125 + 293. Suppose -p = -5 + 4. Suppose -121 + p = -5*f. What is the highest common divisor of f and g?
24
Let j = 9117 + -8830. What is the highest common divisor of 7 and j?
7
Let v = 69 - 70. Let r be (3*v)/(-1 - 0/7). Let w be (8/2 + -1)/(r/51). What is the greatest common factor of 3 and w?
3
Suppose -29*u + 27*u = f - 6851, -u + 3403 = -4*f. Calculate the highest common divisor of u and 7.
7
Let c(x) = -x**3 - 17*x**2 - 8*x + 20. Let t = -126 + 109. Let h be c(t). What is the highest common divisor of h and 39?
39
Suppose -1239 + 441 = -34*x + 630. Calculate the highest common divisor of x and 198.
6
Let b(v) = 11*v + 55. Let a be b(-11). Let r be (-42)/(-147) - a/14. Calculate the highest common factor of 35 and r.
5
Let u = -2759 - -3147. What is the greatest common divisor of u and 28?
4
Let n = 248 + -245. Suppose -n*r - 4*w + 253 = -55, -5*w = 4*r - 409. Calculate the greatest common divisor of 6 and r.
6
Let j be (-2 + 2)/(-2 - 1). Suppose j*i - 2*i = 0. Suppose i = -4*b + 86 - 18. What is the greatest common divisor of 51 and b?
17
Let d = -3164 + 3283. What is the greatest common divisor of d and 221?
17
Let n = -1480 - -9859. Calculate the highest common divisor of n and 38.
19
Let h = 418 + -516. Let a be h/245 - 3234/(-10). What is the highest common divisor of a and 51?
17
Suppose 0 = s + 710 - 3406. Suppose -s = -27*q + 760. What is the greatest common divisor of q and 16?
16
Let r be 1478/4434 - ((-2)/6)/(1/6143). Calculate the greatest common divisor of 12 and r.
4
Let g(y) = y + 6. Suppose 50*b + 693 = 71*b. Let d be g(b). What is the highest common factor of d and 6?
3
Let o = 25309 + -25219. What is the highest common divisor of o and 2880?
90
Suppose 3*s + 39 = 3*g, -5*s + 33 + 4 = g. Let b = -26 + 27. What is the highest common factor of b and g?
1
Let g = 123 - 60. Let j = 164 - g. Let o = -21 + j. What is the highest common divisor of o and 10?
10
Let u be 176*(-3)/12*-2. Suppose 12*z + 3*g - 232 = 8*z, -g = -4. Calculate the highest common divisor of z and u.
11
Let r = -87 - -87. Suppose r*x = 17*x - 119. Let q(m) = m**2 - 8*m + 16. Let w be q(x). Calculate the highest common divisor of 63 and w.
9
Suppose 98 = 14*p - 112. Let g = -355 + 520. What is the greatest common divisor of g and p?
15
Suppose 5*j - 90 = -0*j. Let b(i) = i**2 - 8 + 2*i + 12 + 6. Let d be b(5). Calculate the highest common divisor of j and d.
9
Let b be (-15)/(-8 - 348/(-40))*-42. What is the greatest common factor of 400 and b?
100
Suppose 0 = 5*f + r - 12 - 16, 0 = 5*f - 4*r - 13. Suppose -217 = -3*o + f*h, -4*h - 169 - 43 = -3*o. What is the highest common factor of 16 and o?
16
Let l be (4 + -1 + 33/(-5))*5. Let d be 8/(-10)*(-45)/l - -5. Let f be ((-4)/(-6))/((-6)/(-27)). Calculate the greatest common factor of d and f.
3
Let f(o) = -47*o**2 + 12*o + 35. Let a(p) = 15*p**2 - 4*p - 12. Let g(b) = -17*a(b) - 6*f(b). Let w be g(3). What is the greatest common divisor of w and 5?
5
Suppose 0 = -4*m + 2*a + 668, -2379 + 2403 = -4*a. What is the highest common factor of 4100 and m?
164
Let j(x) = -x**2 + 33*x - 34. Let v be j(31). Suppose v*t = 26*t + 54. What is the greatest common factor of 117 and t?
9
Let b = 15706 + 36756. What is the highest common factor of 17 and b?
17
Let g(z) = -z**2 + 40*z - 306. Let u be g(12). Calculate the greatest common divisor of 620 and u.
10
Let t be ((-16)/(-24))/((-2)/(-8*9)). Suppose -10 = v - 34. Calculate the highest common factor of t and v.
24
Let f be (5 - 2) + (60/(-12) - -142). What is the greatest common divisor of 595 and f?
35
Let l be (162/(-39) - -4)/((-56)/2912). Let y = -151 - -223. Calculate the greatest common divisor of l and y.
8
Let j = 2203 - 2099. What is the highest common divisor of j and 182?
26
Suppose -19*o + 14849 = -330923 - 4436. What is the highest common divisor of o and 18?
18
Suppose 3 = -s, 80 = 5*k - 5*s - 0*s. Let b = k - -2. Suppose 0*x - b = -x. Calculate the greatest common divisor of 30 and x.
15
Let d(j) = -43*j + 8. Let h be d(-1). Suppose h + 69 = 3*s. Calculate the greatest common divisor of s and 360.
40
Suppose 0 = -5*s - 2*c - 0*c + 128, -116 = -5*s + c. Let p(i) = -i + 3. Let g be p(-9). What is the greatest common factor of g and s?
12
Let l be (64/(-4))/(-4) - 2. Let u be (15/l)/((-1)/(-2)). Suppose -u*x + 160 = -5*x. What is the highest common divisor of x and 32?
16
Let u be -1005*(1 + -2) + (-312)/(-156). What is the highest common divisor of 53 and u?
53
Suppose -23*k - 4802 = -7195 - 6439. Calculate the highest common divisor of k and 48.
48
Let s be (-2)/(-1) - (-5)/1. Let j(z) = 8*z - 32. Let k be j(s). Calculate the highest common factor of k and 36.
12
Suppose -51 = -i - 5*y, 3*i - 6*i + 4*y + 58 = 0. Suppose 0 = 2*w - o - 14 - 7, 0 = -2*w - 4*o + i. What is the greatest common divisor of w and 187?
11
Let u be (56/(-6))/((-4)/66). Let b(a) = -a**3 + 20*a**2 + 23. Let x be b(20). Suppose -x*r + 17*r = -84. Calculate the highest common factor of r and u.
14
Suppose -2*c + 188 = -2*h, 2*h = 3*h + 3. Suppose 50 = 5*z, -2*z = 5*y - 4*z - 110. Calculate the highest common divisor of c and y.
13
Let t(p) = -3*p**2 + 316*p - 5129. Let s be t(21). Suppose 0 = 5*a - 42 + 2. What is the greatest common divisor of s and a?
8
Suppose -27*y + 205*y = 67*y + 15096. Suppose 2*f - 10 = 58. What is the highest common divisor of f and y?
34
Let u = 34917 + -33669. Calculate the greatest common factor of 1716 and u.
156
Suppose -82 = 53*q - 6707. Calculate the highest common divisor of q and 17875.
125
Let x be (15 - 2) + (-1 - 0). Suppose -s + 5*n + 17 = 0, 3*s - 4*n + 1 = 19. Calculate the greatest common factor of s and x.
2
Suppose -240*z = -236*z - 20. Suppose 3*n - 4*h = -6*h + 80, z*n - 132 = -3*h. What is the greatest common factor of n and 184?
8
Let p be (-102)/8*(-160)/120. Calculate the greatest common factor of 3349 and p.
17
Let f(w) = 2*w**2 + 9*w + 9. Let k be f(-3). Suppose -3*m + 29 = 4*u, k = u - 0*u - 3*m + 4. Calculate the greatest common factor of 15 and u.
5
Let k be (-2850)/(-20) + -2 - 1/(-2). Calculate the greatest common factor of 893 and k.
47
Let m(n) = 2*n**3 + 84*n**2 + 81*n + 58. Let z be m(-41). Calculate the greatest common factor of z and 405.
9
Let k(a) = 3*a**2 - 45*a - 7337. Let s be k(-43). Suppose 4*b = 6*b - 58. Calculate the greatest common factor of s and b